{"id":170,"date":"2021-01-05T07:23:02","date_gmt":"2021-01-05T06:23:02","guid":{"rendered":"https:\/\/www.notreterre.net\/freunde\/?page_id=170"},"modified":"2026-01-20T16:50:10","modified_gmt":"2026-01-20T15:50:10","slug":"aktuelles","status":"publish","type":"page","link":"https:\/\/www.notreterre.net\/freunde\/aktuelles\/","title":{"rendered":"Aktuelles"},"content":{"rendered":"\n<h2 class=\"wp-block-heading\"><strong>Aktuelles<\/strong><\/h2>\n\n\n\n<p><br>Wir starten durch &#8230; Bitte unterst\u00fctze auch DU uns als ordentliches oder F\u00f6rdermitglied und indem du deinen Freunden und Bekannten von uns erz\u00e4hlst, den Link zur Website teilst, im Team der &#8222;Freunde von Notreterre&#8220; mitmachst &#8230; <\/p>\n\n\n\n<p>Der Brunnen ist gebohrt. Aus 75 m Tiefe sprudelt Wasser &#8211; die Basis f\u00fcr unser Projekt in Burkina Faso. Ein Wohngeb\u00e4ude und ein Lagergeb\u00e4ude sind gebaut, der Wasser-Hochbeh\u00e4lter aufgestellt. Weiters wurde ein Bew\u00e4sserungssystem, eine Einz\u00e4unung und verschiedene andere Dinge realisiert, dass nun der Anbau der Artemisia ganzj\u00e4hrig m\u00f6glich ist.<\/p>\n\n\n\n<div style=\"height:41px\" aria-hidden=\"true\" class=\"wp-block-spacer\"><\/div>\n\n\n\n<div class=\"wp-block-columns is-layout-flex wp-container-core-columns-is-layout-9d6595d7 wp-block-columns-is-layout-flex\">\n<div class=\"wp-block-column is-layout-flow wp-block-column-is-layout-flow\" style=\"flex-basis:100%\">\n<p><strong>Handy und Laptop f\u00fcr Africa<\/strong><\/p>\n\n\n\n<p>Immer aktuell &#8230; Wir suchen dringend auch gebrauchsf\u00e4hige Laptops!<br>Wer also sein altes funktionierendes Handy oder seinen Laptop abgeben will, bitte<br>Kontakt unter *43 664 4422553<br>Danke! \ud83d\ude42<\/p>\n<\/div>\n<\/div>\n\n\n\n<figure class=\"wp-block-image size-large\"><img loading=\"lazy\" decoding=\"async\" width=\"771\" height=\"928\" src=\"https:\/\/www.notreterre.net\/freunde\/wp-content\/uploads\/2021\/01\/handy-laptops.jpg\" alt=\"\" class=\"wp-image-332\" srcset=\"https:\/\/www.notreterre.net\/freunde\/wp-content\/uploads\/2021\/01\/handy-laptops.jpg 771w, https:\/\/www.notreterre.net\/freunde\/wp-content\/uploads\/2021\/01\/handy-laptops-249x300.jpg 249w, https:\/\/www.notreterre.net\/freunde\/wp-content\/uploads\/2021\/01\/handy-laptops-768x924.jpg 768w, https:\/\/www.notreterre.net\/freunde\/wp-content\/uploads\/2021\/01\/handy-laptops-121x146.jpg 121w, https:\/\/www.notreterre.net\/freunde\/wp-content\/uploads\/2021\/01\/handy-laptops-42x50.jpg 42w, https:\/\/www.notreterre.net\/freunde\/wp-content\/uploads\/2021\/01\/handy-laptops-62x75.jpg 62w\" sizes=\"auto, (max-width:767px) 480px, (max-width:771px) 100vw, 771px\" \/><\/figure>\n","protected":false},"excerpt":{"rendered":"<p>Aktuelles Wir starten durch &#8230; Bitte unterst\u00fctze auch DU uns als ordentliches oder F\u00f6rdermitglied und indem du deinen Freunden und Bekannten von uns erz\u00e4hlst, den Link<span class=\"excerpt-hellip\"> [\u2026]<\/span><\/p>\n","protected":false},"author":2,"featured_media":0,"parent":0,"menu_order":0,"comment_status":"closed","ping_status":"closed","template":"","meta":{"footnotes":""},"class_list":["post-170","page","type-page","status-publish","hentry"],"_links":{"self":[{"href":"https:\/\/www.notreterre.net\/freunde\/wp-json\/wp\/v2\/pages\/170","targetHints":{"allow":["GET"]}}],"collection":[{"href":"https:\/\/www.notreterre.net\/freunde\/wp-json\/wp\/v2\/pages"}],"about":[{"href":"https:\/\/www.notreterre.net\/freunde\/wp-json\/wp\/v2\/types\/page"}],"author":[{"embeddable":true,"href":"https:\/\/www.notreterre.net\/freunde\/wp-json\/wp\/v2\/users\/2"}],"replies":[{"embeddable":true,"href":"https:\/\/www.notreterre.net\/freunde\/wp-json\/wp\/v2\/comments?post=170"}],"version-history":[{"count":11,"href":"https:\/\/www.notreterre.net\/freunde\/wp-json\/wp\/v2\/pages\/170\/revisions"}],"predecessor-version":[{"id":407,"href":"https:\/\/www.notreterre.net\/freunde\/wp-json\/wp\/v2\/pages\/170\/revisions\/407"}],"wp:attachment":[{"href":"https:\/\/www.notreterre.net\/freunde\/wp-json\/wp\/v2\/media?parent=170"}],"curies":[{"name":"wp","href":"https:\/\/api.w.org\/{rel}","templated":true}]}}